valuate 1 - 8 - (-2 + 0).
-5
What is the value of (-2 - 1) + 5 + -3?
-1
What is the value of 4 - (2 - (-5 + 4))?
1
What is the value of (5 - 2) + -3 - (-6 - -3)?
3
5 - (2 + -3 + -2 + 3)
5
4 - (-1 - 1 - (-26 - -27))
7
Calculate -4 - ((-4 - -2) + 5 + -8).
1
Calculate -1 + -3 - -4 - -7.
7
Evaluate -3 - (1 - (-1 + 3)).
-2
What is -4 + (-1 + -2 - -7)?
0
What is the value of -2 + 4 + -5 + -3?
-6
9 + (-5 - (3 + -4)) + 0
5
What is the value of 3 + 3 + -1 + 13 + -17?
1
Calculate -4 + (2 - 4) + 5.
-1
19 - 18 - 1 - (-3 + 1)
2
What is 4 - (7 - 0) - -9 - 1?
5
Evaluate -7 + 8 + -5 - -5.
1
Evaluate 1 + 0 + -1 - -5.
5
17 + -21 + (2 - -1)
-1
(-66 - -65) + (0 - -8)
7
2 + (2 + -3 - (-1 + 4))
-2
Evaluate 0 - -3 - -1 - 2.
2
What is -7 + 2 + (-3 - (-8 - -2))?
-2
Evaluate 0 - -1 - (4 - 1).
-2
Evaluate -4 + 5 - -5 - (4 - 4).
6
What is 0 - (-4 + (1 - 0))?
3
Evaluate (3 - -5 - 16) + 6.
-2
What is the value of 0 + 0 - 4 - (-14 - -10)?
0
-2 - ((4 - 0) + -1)
-5
-5 + (7 + -12 - (-8 + 1))
-3
Evaluate 10 + -7 + (1 + -2 - -1).
3
Evaluate -4 - (-3 + 8 - (-7 - -16)).
0
2 + (0 - (3 + -2)) + -1
0
What is -11 + 0 + 10 + -1 + -4?
-6
Calculate -5 - (-6 + -2 + -2 + 5).
0
What is the value of 4 - (-1 - -8) - (-5 - 2)?
4
Evaluate -12 + -1 + 4 - -5.
-4
Evaluate 0 + 0 + (-15 - -13) + 2.
0
5 - (-7 - -10) - 4
-2
What is -2 + (6 - (-1 - -5))?
0
What is (2 + 3 - 2) + -4 + 3?
2
Calculate -65 + 70 + 5 + -2 + 0.
8
Calculate 7 + (5 - 6 - 7).
-1
Calculate -4 + (5 - 1) + -5.
-5
What is the value of 3 - 9 - (-4 - -2)?
-4
Evaluate (-8 - (7 + -16)) + -6.
-5
Evaluate -5 + 5 + (4 - -1).
5
Calculate -5 - (-3 + 2 - 3).
-1
5 - (1 + -1 - 0)
5
Evaluate (-4 - -10 - (6 - -2)) + 4.
2
Calculate 0 + 4 + (-2 - 0) + -3.
-1
What is the value of -1 - 2 - (9 + -8)?
-4
Evaluate -5 + (2 - (0 - -2)) + 1.
-4
Evaluate 1 + 0 + -6 + (3 - -5).
3
Evaluate (-14 - -20) + 1 + -5.
2
Evaluate -2 + (9 - 8 - 2) + 11.
8
What is -10 + 6 + -2 - -2?
-4
What is 4 + -13 - (1 + -6)?
-4
Evaluate 8 - (5 - -7 - 1).
-3
Evaluate 3 + (-4 - -3) + (-4 - -1).
-1
What is the value of (-5 + 1 - -8) + -2 + 1?
3
Calculate (-4 - -14) + -3 - (-1 + 4).
4
Calculate -8 + 2 + (-1 - (-1 + -3)).
-3
Evaluate -4 + 4 + -5 + 5.
0
What is 3 + 1 + -12 - (-6 + 4)?
-6
What is the value of -3 + (-2 - 2 - -8) + 3?
4
12 - 17 - (-7 + 0)
2
Evaluate (-6 - (-4 - 0)) + 10.
8
What is the value of 155 + -150 - (6 + -1)?
0
What is the value of -11 + 5 - (-2 - 5)?
1
1 + (3 - -1) + -2 + -6
-3
Calculate -2 - (0 + -4 + -3).
5
What is (2 - 1 - 3) + (-13 - -17)?
2
(0 + 1 - (7 - 8)) + 6
8
-1 - -1 - (7 - 5)
-2
What is -13 + (-16 - -6 - -19)?
-4
What is 1 + (-5 - (-11 + (7 - 2)))?
2
Evaluate 1 + (-13 - -7) - (-1 - -1).
-5
0 + -3 + 6 + -8 + 4
-1
What is -14 + (-6 - -8) - -7?
-5
Calculate (1 - 2 - 2) + 0.
-3
What is -4 - -2 - (0 + -3) - -1?
2
Evaluate -2 - (-3 - 2) - 0 - 6.
-3
Evaluate -4 - (-5 - (-3 + 2)).
0
What is the value of -7 + 7 - (0 - 3) - 6?
-3
Evaluate 6 - (5 - 6) - 7.
0
What is the value of 1 + 2 - (7 - (-1 - -2))?
-3
Calculate 8 + (-3 + -7 - -6).
4
-5 + 5 + 1 + -6
-5
What is the value of -1 + (5 - 5) + -7?
-8
-7 + (0 - 2 - -3) + 3
-3
What is (-6 - 0) + (-1 - -4)?
-3
What is 0 - 0 - 3 - 4 - 2?
-9
Evaluate (2 - 0) + -2 + (-5 - -1).
-4
What is 1 - 8 - (-2 + 0)?
-5
Evaluate (-28 - -32) + (0 - 8) + 0.
-4
What is the value of 0 + 2 + (-3 - (-9 - -6))?
2
(0 - (0 + -1 + 3)) + 1
-1
(-59 - -59) + 3 + 2
5
What is the value of 2 - (13 + (7 - 9) + -7)?
-2
What is the value of (3 + -3 - 2) + -2?
-4
Calculate (2 - (-1 - 0)) + -4 - -3.
2
Calculate -1 + 11 + 4 + -14.
0
-4 + (9 + -5 - (-4 + -1))
5
What is 6 - -2 - (3 + -3)?
8
What is the value of -12 + 1 + 35 + -29?
-5
Calculate 2 + 6 + 0 + -1 + -4.
3
What is 5 + (-6 - -7 - (0 - 0))?
6
Calculate -8 + (21 - 6 - 7).
0
Evaluate -3 + (-4 - -3) - (-30 + 25).
1
What is the value of 3 - (8 - 6) - -4?
5
Evaluate 5 - -3 - 0 - 8.
0
What is 3 - (-2 + 2 - (-24 - -27))?
6
10 - (14 + 10 + -8)
-6
What is (-4 - -1) + (-4 - -8)?
1
What is the value of -3 - (14 + -9) - (1 - 1)?
-8
Evaluate 2 - 6 - (8 + -8).
-4
Evaluate 7 - (3 + -4 - -5) - 2.
1
Evaluate 2 + (-11 - -1) + 10 + -7.
-5
3 + (15 + -6 - 8)
4
3 + -9 - -2 - 0 - -5
1
7 + -8 + 7 + -7
-1
What is the value of -5 + (-1 + 4 - 0)?
-2
Evaluate -2 - (2 - (-3 + 2)).
-5
What is 2 + (6 - (9 - 5) - 3)?
1
What is -2 + (6 - 3) + -2 + 0?
-1
What is the value of (18 - 6 - 5) + -5?
2
Calculate -9 - -13 - (-1 + 0).
5
3 + (0 - -3) + -4 - 4
-2
What is the value of 12 + (3 - (5 + -1)) + -5?
6
What is -7 - ((6 + 7 - 8) + -5)?
-7
(-3 - -3) + 2 - 4
-2
What is the value of 0 + 5 + (-13 - -7) + 2?
1
Evaluate 0 + -4 - (-5 + -3).
4
What is the value of -8 + 5 + (-2 - -1)?
-4
Calculate -6 + (7 + -5 - -4).
0
What is the value of -2 + (-7 - -4 - (-1 + 0))?
-4
What is the value of (5 - 6) + -6 - -3?
-4
Calculate (0 - (3 + 7)) + 5.
-5
Calculate -4 - 1 - (3 - (-7 + 20)).
5
What is -9 + (4 - 2) + 5?
-2
Calculate 3 + -5 + 4 + 2.
4
Calculate (1 - 5) + 3 + (3 - -1).
3
What is 1 + -14 + 7 + -2 + 6?
-2
What is -4 + 3 + 8 - 4?
3
Evaluate 30 - 32 - (2 - 8) - 6.
-2
-7 - -5 - -3 - 2
-1
Calculate (0 - (3 - 2)) + 4 + -5.
-2
Evaluate -5 - (3 + -2 + -3).
-3
Calculate (0 - -2) + 0 + -4 + 4.
2
Evaluate 9 - (-5 - -3 - -7).
4
Evaluate (2 + -6 - -4) + 1 + 7.
8
What is the value of -3 + 6 + (-1 - 3) + 0?
-1
What is (9 - 6) + -4 + 1 + 1?
1
What is 10 + -8 + (1 - 4) - -2?
1
Calculate 1 - (3 - 5 - -1).
2
-8 - (5 + 3 + -7 - 4)
-5
Evaluate -2 + -2 + 1 + -2.
-5
Calculate 12 - 5 - (1 - (5 + -6)).
5
What is the value of 4 + (3 - (1 - -2))?
4
-2 - (-2 + 3) - -5
2
Calculate (6 - (12 - 3) - -14) + -1.
10
Evaluate -4 - (-4 + (7 - 1) - 10).
4
What is the value of -14 + 18 - (-1 + 7)?
-2
Evaluate -2 - (-36 + 43 + (0 - 0)).
-9
(-2 - -12) + -85 + 74
-1
Calculate -2 + 1 - -1 - (6 + -7).
1
Calculate 4 - (-1 + 1 - (-23 + 20)).
1
-18 + 22 + (-6 - 0)
-2
-17 + 4 + 8 - -8
3
What is -6 + -3 + -5 + 8?
-6
2 - 2 - (-3 - -9)
-6
5 - ((15 - 6) + -9)
5
What is the value of -9 - (-3 + 7 + 1 + -7)?
-7
Evaluate (0 - 5) + -3 + 15.
7
-4 + (-2 - (-7 - -4) - -2)
-1
Evaluate 11 + (6 + (1 - 1) - 11).
6
-6 + (7 - 4) + 1 + -3
-5
-2 - 2 - (-16 + 5)
7
-4 + 1 + 0 + -2
-5
What is the value of 9 + (-22 - (-26 + 11))?
2
Evaluate -11 - -9 - ((0 - -2) + 0).
-4
Calculate -5 + 0 - (-13 - -8 - -1).
-1
What is the value of 15 - (-7 + 10) - 4?
8
What is (-10 - 0) + -58 + 62?
-6
What is the value of (15 + -3 - 7) + (-2 - 1)?
2
-64 + 57 - (1 - 9)
1
Evaluate 9 + (-7 - (7 - -2)).
-7
What is the value of 3 + (4 - 5) + (0 - 3)?
-1
What is the value of 8 + 1 + -3 + -1 - 2?
3
Evaluate (0 + 2 + -2 - 5) + 8.
3
What is (-14 - (-2 - 2)) + 3?
-7
Evaluate -7 + 1 + 2 + -2 + 5.
-1
Evaluate (4 - 2 - 2 - -1) + 2.
3
Calculate 0 + -1 + 1 + (3 - -4).
7
What is the value of -3 + 0 + -6 - (5 - 5)?
-9
(3 - 3) + 0 + -4 + 6
2
What is the value of 51 - 58 - (-2 + -5)?
0
Calculate (4 - (2 + 1)) + -4.
-3
(-4 - (-4 - 2)) + (-6 - -6)
2
Calculate (6 - ((3 - -3) + -8)) + -7.
1
(12 - (7 - 0)) + 0
5
Calculate -6 + 17 + -3 - 4.
4
Calculate (-1 - -4) + -9 + 10 + -7.
-3
Calculate 3 + (0 - (6 - 2)) - -2.
1
What is (-4 - (1 + -3)) + 7?
5
-13 + (12 - (-6 + 13))
-8
-6 - (0 + -1 - (-6 - -9))
-2
Evaluate (3 - (-2 - (1 - 8))) + -2.
-4
What is the value of 4 + -9 + 1 + 7?
3
(7 + 4 + -6 - 12) + 5
-2
Calculate 6 - (3 - (0 - -2)).
5
Calculate -2 - (1 + 0 + -12 + 14).
-5
What is 11 + 1 + -6 - 6?
0
-33 - -39 - (-4 - -9)
1
What is the value of 11 - (8 - (-4 + 5))?
4
Evaluate (-3 + 4 - 9) + 4.
-4
What is the value of (-3 - (1 + -1)) + 6 + 2?
5
Calculate -11 - (5 - (15 + -7) - 0).
-8
What is (2 - -2) + (34 - 42)?
-4
Evaluate (0 - -1) + (0 - -21) + -18.
4
What is the value of 9 - (6 + (0 - 1))?
4
What is (-5 - -9 - -2) + -2?
4
What is the value of (-11 - 0 - -5) + 5 - 4?
-5
Evaluate (0 + 4 - (-6 + 7)) + -4.
-1
What is the value of 1 - (15 + -3) - -20?
9
What is -4 - 6 - (4 + -9)?
-5
What is the value of 11 - 2 - (9 - (6 - 2))?
4
What is the value of (-16 - -8) + -2 + (4 - 2)?
-8
0 - -4 - (8 - (8 - 0))
4
Calculate 1 + 0 + (0 - 6) - -5.
0
3 + -3 - (0 + 1 - 4)
3
Evaluate 65 + -62 - (2 - 3).
4
Calculate -2 + (0 - 0) - -9 - 2.
5
What is the value of -3 - (-3 - (3 - (-3 - -6)))?
0
2 + 11 + -4 + -12
-3
(4 - (-2 - -10)) + 0
-4
What is 1 + 1 + -25 + 20?
-3
Evaluate 0 + 8 - (15 - (21 + -14)).
0
Evaluate -8 - (-15 - -4 - -10).
-7
What is 1 + 1 + -2 + -2 + 0?
-2
What is -15